17267. Give b(-40).
-773
Let t(d) = -5*d**2 + 147*d + 1420962. Calculate t(548).
-2
Let t(p) = -2*p**2 - 63*p + 89613. Determine t(-228).
9
Let p(k) = k**2 - 1405*k - 40219. Give p(-28).
-95
Let m(n) = -97396*n - 681789. What is m(-7)?
-17
Let q(l) = -23*l**3 - 448*l**2 - 219*l - 365. Calculate q(-19).
-175
Let w(c) = -804*c - 66738. Determine w(-83).
-6
Let t(u) = 5*u**3 + u**2 + 151*u - 1231. Give t(7).
1590
Let n(s) = -5573*s - 132627. Calculate n(-24).
1125
Let o(u) = -7616*u + 82174. Calculate o(11).
-1602
Let d(s) = 200*s + 3238. Calculate d(-17).
-162
Let f(k) = -3*k**2 + 163937*k + 491840. What is f(-3)?
2
Let a(m) = -5*m**3 - 3*m**2 + 79*m - 80. What is a(1)?
-9
Let w(p) = 1006*p - 315389. Determine w(314).
495
Let k(a) = 84742*a + 593212. Give k(-7).
18
Let u(r) = -705*r + 6665. Calculate u(9).
320
Let j(y) = 2*y**3 + 101*y**2 - 93*y - 2086. Give j(-51).
56
Let v(w) = w**3 + 243*w**2 + 722*w + 11. Determine v(-3).
5
Let z(n) = 178*n + 8218. Calculate z(-46).
30
Let y(o) = 240*o**2 + 667*o - 1335. Determine y(2).
959
Let f(i) = -74579*i - 18719343. What is f(-251)?
-14
Let x(b) = -10367*b**2 + 642759*b - 395. Calculate x(62).
-85
Let l(i) = -1049*i + 678676. Calculate l(648).
-1076
Let z(l) = 13512*l - 54049. Calculate z(4).
-1
Let k(f) = f**2 + 15016*f - 692999. Determine k(46).
-147
Let i(n) = -3*n**3 - 252*n**2 - 3709*n - 7120. Determine i(-16).
0
Let u(c) = -23*c - 4321. Determine u(-186).
-43
Let q(t) = -96639*t - 676488. Give q(-7).
-15
Let w(l) = -46435*l + 975145. Calculate w(21).
10
Let n(w) = -12381*w - 50368. Determine n(-4).
-844
Let p(q) = -1224325*q - 93048705. Determine p(-76).
-5
Let j(i) = i**2 + 88*i - 1326. What is j(14)?
102
Let k(v) = -2*v**3 + 316*v**2 + 303*v + 2235. Calculate k(159).
-150
Let x(s) = -s**3 + 46*s**2 + 22255*s + 2959. Determine x(174).
1
Let j(v) = -1847*v + 90392. Give j(49).
-111
Let p(b) = -18203*b - 35854. What is p(-2)?
552
Let p(n) = n**2 - 13746*n - 110037. Calculate p(-8).
-5
Let l(w) = 5*w**2 - 273*w + 3734. Give l(15).
764
Let i(r) = 1381*r - 74958. Calculate i(53).
-1765
Let r(p) = -10726*p + 611343. Calculate r(57).
-39
Let g(a) = 6*a**2 + 90*a - 14993. Give g(43).
-29
Let x(a) = 4*a**2 - 413*a + 7443. Calculate x(80).
3
Let w(j) = -532*j - 39243. Determine w(-74).
125
Let w(x) = -28*x**3 + 3*x**2 + 476*x + 946. Calculate w(-2).
230
Let t(l) = 2922*l - 394616. What is t(135)?
-146
Let d(b) = -b**3 + 21*b**2 + 481*b - 888. Determine d(-15).
-3
Let k(z) = -5690287*z + 45522293. Calculate k(8).
-3
Let l(c) = -13*c**2 - 6442*c + 2993. Determine l(-496).
17
Let t(w) = -14*w + 155. Determine t(4).
99
Let j(v) = -145766*v - 6705246. Calculate j(-46).
-10
Let v(z) = -4*z**3 - 34*z**2 + 806*z + 140. Calculate v(-19).
-12
Let k(i) = 3541*i + 27202. What is k(-8)?
-1126
Let w(y) = -440146*y + 6602191. Determine w(15).
1
Let v(h) = 450*h + 12036. What is v(-26)?
336
Let y(z) = -z**3 - 251*z**2 - 1232*z - 60173. Give y(-247).
95
Let m(s) = 243*s + 4412. Give m(-17).
281
Let h(k) = -k**2 + 1087*k - 50107. What is h(48)?
-235
Let c(u) = 2*u**2 + 72*u + 21. Calculate c(-17).
-625
Let y(x) = -x**3 + 12*x**2 - 26*x + 43. Calculate y(6).
103
Let f(p) = -88*p**2 - 876*p + 39. What is f(-10)?
-1
Let x(b) = -231*b**3 + 5*b**2 - 1615*b + 1612. Calculate x(1).
-229
Let z(k) = k**3 + 148*k**2 - 961*k - 162891. Calculate z(-147).
-15
Let h(s) = -s**2 + 3880*s + 38775. Calculate h(-10).
-125
Let y(l) = 2*l**3 - 20*l**2 - 321*l + 2216. Determine y(16).
152
Let r(o) = 13265*o + 5770312. What is r(-435)?
37
Let c(m) = -3*m**2 + 48*m + 5632. Give c(-29).
1717
Let b(w) = 29*w**2 + 3092*w + 4941. Calculate b(-105).
6
Let f(t) = -t**3 + 57*t**2 - 17*t + 878. Determine f(57).
-91
Let q(o) = -3*o**2 - 7949*o + 596243. Give q(73).
-21
Let r(q) = -2*q**3 - 62*q**2 - 196*q - 196. Calculate r(-28).
588
Let p(u) = 36*u**3 + 291*u**2 + 76*u + 464. Determine p(-8).
48
Let q(c) = -711*c + 38388. Calculate q(54).
-6
Let c(a) = -1679*a + 543976. What is c(324)?
-20
Let a(h) = -2*h**3 - 105*h**2 - 492*h + 1150. Give a(-47).
-25
Let p(s) = -s**3 - 184*s**2 - 706*s + 96. What is p(-4)?
40
Let z(c) = c**2 - 102*c - 108293. Give z(-282).
-5
Let z(s) = -5471*s + 1329456. Determine z(243).
3
Let q(a) = -a**3 - 41*a**2 + 123*a + 21. Calculate q(3).
-6
Let b(q) = -q**2 - 300*q + 20155. Determine b(-357).
-194
Let s(x) = 2*x**3 - 9*x**2 - 21*x + 10. Calculate s(4).
-90
Let q(w) = -3*w**3 - 72*w**2 + 283*w - 1442. Calculate q(-28).
42
Let w(k) = -231631*k - 231697. Determine w(-1).
-66
Let w(u) = -u**2 - 856*u + 84986. Determine w(90).
-154
Let u(z) = -2929*z**2 - 179*z - 178. Calculate u(-1).
-2928
Let r(b) = -116*b - 23812. Calculate r(-207).
200
Let b(y) = 24*y**2 + 609*y - 10952. What is b(12)?
-188
Let z(j) = -8865*j - 141855. Determine z(-16).
-15
Let n(o) = o**3 - 13*o**2 - 138*o - 93. Determine n(21).
537
Let x(v) = 1417*v - 596568. Determine x(421).
-11
Let i(u) = u**3 + 181*u**2 - 85141*u + 215. Give i(215).
0
Let w(d) = -d**3 + 27*d**2 - 1142*d + 39425. Give w(31).
179
Let p(o) = -107*o**2 + 2785*o + 2809. Calculate p(27).
1
Let h(r) = 34*r**2 + 11313*r - 3041. Calculate h(-333).
-44
Let p(h) = 15*h**3 + 184*h**2 + 167*h - 201. Give p(-11).
261
Let c(w) = -66*w**2 - 163*w + 1972. Calculate c(5).
-493
Let k(i) = -4*i**2 - 258*i - 3115. Give k(-48).
53
Let a(r) = 43*r - 4367. Give a(73).
-1228
Let t(z) = 22*z**3 + 4639*z**2 - 632*z + 212. Give t(-211).
1
Let o(z) = 283*z**2 + 247*z + 533. What is o(-3)?
2339
Let v(y) = 2358*y + 35450. What is v(-15)?
80
Let h(u) = -872*u - 18340. Determine h(-21).
-28
Let w(y) = y**3 + 435*y**2 + 6700*y - 18. What is w(-16)?
46
Let g(w) = 10*w**3 - 3088*w**2 - 604*w - 4321. Calculate g(309).
5
Let t(p) = 4*p**3 + 665*p**2 - 3436*p - 18. Give t(5).
-73
Let h(q) = -17*q**3 + 8468*q**2 - 993*q - 1507. What is h(498)?
-13
Let p(i) = -10*i**2 + 45*i - 431. Determine p(8).
-711
Let l(p) = 187500*p - 11812515. Determine l(63).
-15
Let o(v) = -v**3 - 52*v**2 - 288*v + 159. Calculate o(-7).
-30
Let q(h) = h**2 - 6121*h + 1080900. Determine q(182).
2
Let o(q) = -3538*q + 3535. What is o(1)?
-3
Let n(v) = -85*v + 2877. Calculate n(37).
-268
Let y(k) = -556*k + 24297. What is y(44)?
-167
Let k(p) = -36*p**3 + 65*p**2 + 47*p - 8. What is k(-1)?
46
Let d(n) = -17*n**3 + 966*n**2 - 830*n + 2594. Give d(56).
18
Let w(a) = -74*a**2 - 5998*a + 66. What is w(-81)?
390
Let j(g) = 5038*g - 1828801. Give j(363).
-7
Let v(a) = 64*a - 7113. Calculate v(120).
567
Let o(k) = 473520*k - 7576309. Determine o(16).
11
Let b(g) = 331*g**2 - 14*g - 1. What is b(2)?
1295
Let d(n) = -n**3 - 30*n**2 + 727*n + 9359. What is d(-42)?
-7
Let h(o) = -2*o**3 - 203*o**2 + 89*o - 1423. Calculate h(-102).
-97
Let x(j) = 181*j + 28812. Calculate x(-158).
214
Let b(d) = 98*d + 2946. Give b(-22).
790
Let m(v) = -v**3 - 3*v**2 + 6*v - 167. What is m(-7)?
-13
Let b(v) = -2287*v + 237907. What is b(104)?
59
Let u(p) = -41*p**2 - 68*p + 621. What is u(8)?
-2547
Let v(g) = 2694*g - 215530. Give v(80).
-10
Let p(w) = -5089*w + 142479. Calculate p(28).
-13
Let u(j) = 12*j**2 - 118*j - 716. Determine u(23).
2918
Let k(t) = -42*t - 5808. Calculate k(-138).
-12
Let g(i) = 49082*i - 147304. Calculate g(3).
-58
Let o(x) = -1420*x + 37943. Determine o(29).
-3237
Let h(o) = -7458*o**2 - 29837*o + 11. Give h(-4).
31
Let j(q) = 3*q**3 - 26*q**2 + 53*q - 1157. Give j(12).
919
Let g(x) = -16229*x + 373377. Determine g(23).
110
Let q(v) = 2*v**2 + 412*v + 19554. Determine q(-74).
18
Let q(j) = -j**2 - 4190*j - 37741. Calculate q(-9).
-112
Let b(l) = l**3 - 32*l**2 - 13879*l + 431212. Determine b(31).
2
Let y(t) = 137*t - 12641. What is y(90)?
-311
Let a(t) = t**2 + 160*t - 1545. Calculate a(-167).
-376
Let j(y) = -240*y + 11964. What is j(49)?
204
Let y(z) = 61*z**2 - 281*z + 1230. Determine y(4).
1082
Let c(x) = -20346*x + 651076. What is c(32)?
4
Let j(p) = p**3 - p**2 - 1420*p + 3203. Calculate j(0).
3203
Let q(f) = -4*f**3 - 75*f**2 + 687*f + 12700. What is q(-19)?
8
Let k(b) = -2364*b - 243528. Determine k(-103).
-36
Let h(a) = 2500*a - 132261. Calculate h(53).
239
Let k(t) = 6*t**2 + 1466*t + 25801. Give k(-19).
113
Let g(w) = 37011*w + 74026. Give g(-2).
4
Let s(d) = -34*d**3 + 3*d**2 + 176*d - 537. What is s(3)?
-900
Let g(v) = -2239*v + 2212. What i